{"id":8,"date":"2017-08-23T16:48:13","date_gmt":"2017-08-23T16:48:13","guid":{"rendered":"https:\/\/medilogics.pt\/home\/?page_id=8"},"modified":"2026-02-10T16:23:01","modified_gmt":"2026-02-10T15:23:01","slug":"sobre","status":"publish","type":"page","link":"https:\/\/medilogics.pt\/home\/sobre\/","title":{"rendered":"Sobre n\u00f3s"},"content":{"rendered":"<h2>Bem vindo \u00e0 Medilogics. Somos uma empresa que presta Servi\u00e7os na \u00e1rea da Seguran\u00e7a e Sa\u00fade no Trabalho.<\/h2>\n<p>Desde 2003, com um servi\u00e7o de seguran\u00e7a e sa\u00fade no trabalho diferenciado e de qualidade. Sendo estes atributos reconhecidos pelos seus clientes.<\/p>\n<p>Autorizada pela <a href=\"http:\/\/www.act.gov.pt\" target=\"_blank\" rel=\"noopener\">Autoridade para as Condi\u00e7\u00f5es do Trabalho (ACT)<\/a> e <a href=\"https:\/\/www.dgs.pt\/\" target=\"_blank\" rel=\"noopener\">Direc\u00e7\u00e3o Geral de Sa\u00fade (DGS)<\/a> em v\u00e1rias das actividades de risco do nosso sector econ\u00f3mico para exercer servi\u00e7os na \u00e1rea da <a href=\"https:\/\/medilogics.pt\/home\/seguranca-no-trabalho\/\">Seguran\u00e7a<\/a> \u00a0e<a href=\"https:\/\/medilogics.pt\/home\/saude-no-trabalho\/\"> Sa\u00fade<\/a> no Trabalho.<\/p>\n<p>O Grupo Medilogics \u00e9 constitu\u00eddo por empresas vocacionadas e orientadas para os servi\u00e7os que prestam; Seguran\u00e7a e Sa\u00fade no Trabalho (<a href=\"http:\/\/www.medilogics.pt\"><strong>Medilogics SA<\/strong><\/a>), Seguran\u00e7a Alimentar (<a href=\"http:\/\/www.biocheck.pt\" target=\"_blank\" rel=\"noopener\"><strong>Biocheck<\/strong><\/a>),\u00a0 Cl\u00ednica de Medicina, Especialidades M\u00e9dicas, An\u00e1lises Cl\u00ednicas e Exames complementares de Diagn\u00f3stico (<a href=\"http:\/\/www.nvidas.pt\" target=\"_blank\" rel=\"noopener\"><strong>NVidas<\/strong><\/a>).<\/p>\n<h2>Dimens\u00e3o Nacional<\/h2>\n<p>Os seus servi\u00e7os de dimens\u00e3o nacional, facilmente chegam \u00e0s empresas clientes e est\u00e3o adequados \u00e0 realidade e \u00e0s dimens\u00f5es destas com pre\u00e7os ajustados, tendo por base o c\u00e1lculo pr\u00e9vio do seu custo.<\/p>\n<p>A Cl\u00ednica com sede no Porto (Rua da Paz) e com uma outra em Gondomar (S\u00e3o Pedro da Cova) s\u00e3o de grande qualidade e prestigiante para todo o Grupo. As Unidades M\u00f3veis de Sa\u00fade, todas autorizadas pela DGS, est\u00e3o dotadas dos equipamentos m\u00e9dicos para a presta\u00e7\u00e3o deste servi\u00e7o em qualquer empresa onde quer que esteja no nosso Pa\u00eds.<\/p>\n<h2>Equipa Profissional<\/h2>\n<p>Conjunto de Colaboradores est\u00e1vel, motivado, bem diferenciados com destaque para as \u00e1reas t\u00e9cnicas m\u00e9dicas e seguran\u00e7a no trabalho. Com m\u00e9dicos especialistas, enfermeiros, t\u00e9cnicos de cardiopneumologia e t\u00e9cnicos superiores de seguran\u00e7a no trabalho em n\u00famero ajustado \u00e0 dimens\u00e3o dos nossos clientes.<\/p>\n<h2>Empresas Saud\u00e1veis<\/h2>\n<p>A estrat\u00e9gia de comunica\u00e7\u00e3o foi uma aposta ganha desde o seu in\u00edcio com a altera\u00e7\u00e3o da imagem e diversifica\u00e7\u00e3o dos servi\u00e7os como tema central \u201c<strong>Empresas Saud\u00e1veis<\/strong>\u201d. Para isso muito contribu\u00edram os nossos parceiros que inteligentemente foram seleccionados, destacando a \u00e1rea associativa e laboratorial (anal\u00edtica, ergon\u00f3mica e imagem).<\/p>\n<h2>Melhoria cont\u00ednua para melhor servir a sua empresa<\/h2>\n<p>Medimos o grau de satisfa\u00e7\u00e3o dos nossos clientes e a sua fideliza\u00e7\u00e3o, com resultados que \u00e0 data s\u00e3o muito positivos e cujas sugest\u00f5es ajudam-nos a melhorar diariamente colocando-nos acima da m\u00e9dia dos nossos concorrentes directos.<\/p>\n<h2>Sustentabilidade<\/h2>\n<p>A empresa assume um compromisso cont\u00ednuo com a sustentabilidade, procurando reduzir a sua pegada ecol\u00f3gica atrav\u00e9s da digitaliza\u00e7\u00e3o de processos internos e operacionais. A ado\u00e7\u00e3o de solu\u00e7\u00f5es digitais tem permitido diminuir significativamente o consumo de papel, otimizar fluxos de trabalho, reduzir desloca\u00e7\u00f5es desnecess\u00e1rias e melhorar a efici\u00eancia na utiliza\u00e7\u00e3o de recursos. Esta abordagem contribui n\u00e3o s\u00f3 para a redu\u00e7\u00e3o do impacto ambiental, mas tamb\u00e9m para uma gest\u00e3o mais respons\u00e1vel, eficiente e alinhada com as boas pr\u00e1ticas de sustentabilidade e inova\u00e7\u00e3o.<\/p>\n<p>Obrigado a Todos,<\/p>\n<p>A Administra\u00e7\u00e3o,<\/p>\n<p><img data-attachment-id=\"104\" data-permalink=\"https:\/\/medilogics.pt\/home\/sobre\/sobre_nos_piramide\/\" data-orig-file=\"https:\/\/i0.wp.com\/medilogics.pt\/home\/wp-content\/uploads\/2017\/08\/sobre_nos_piramide.png?fit=438%2C296&amp;ssl=1\" data-orig-size=\"438,296\" data-comments-opened=\"1\" data-image-meta=\"{&quot;aperture&quot;:&quot;0&quot;,&quot;credit&quot;:&quot;&quot;,&quot;camera&quot;:&quot;&quot;,&quot;caption&quot;:&quot;&quot;,&quot;created_timestamp&quot;:&quot;0&quot;,&quot;copyright&quot;:&quot;&quot;,&quot;focal_length&quot;:&quot;0&quot;,&quot;iso&quot;:&quot;0&quot;,&quot;shutter_speed&quot;:&quot;0&quot;,&quot;title&quot;:&quot;&quot;,&quot;orientation&quot;:&quot;0&quot;}\" data-image-title=\"sobre_nos_piramide\" data-image-description=\"\" data-image-caption=\"\" data-medium-file=\"https:\/\/i0.wp.com\/medilogics.pt\/home\/wp-content\/uploads\/2017\/08\/sobre_nos_piramide.png?fit=300%2C203&amp;ssl=1\" data-large-file=\"https:\/\/i0.wp.com\/medilogics.pt\/home\/wp-content\/uploads\/2017\/08\/sobre_nos_piramide.png?fit=438%2C296&amp;ssl=1\" loading=\"lazy\" class=\"alignnone size-full wp-image-104\" src=\"https:\/\/i0.wp.com\/medilogics.pt\/home\/wp-content\/uploads\/2017\/08\/sobre_nos_piramide.png?resize=438%2C296&#038;ssl=1\" alt=\"\" width=\"438\" height=\"296\" srcset=\"https:\/\/i0.wp.com\/medilogics.pt\/home\/wp-content\/uploads\/2017\/08\/sobre_nos_piramide.png?w=438&amp;ssl=1 438w, https:\/\/i0.wp.com\/medilogics.pt\/home\/wp-content\/uploads\/2017\/08\/sobre_nos_piramide.png?resize=300%2C203&amp;ssl=1 300w\" sizes=\"(max-width: 438px) 100vw, 438px\" data-recalc-dims=\"1\" \/><\/p>\n<p>&nbsp;<\/p>\n","protected":false},"excerpt":{"rendered":"<p>Bem vindo \u00e0 Medilogics. Somos uma empresa que presta Servi\u00e7os na \u00e1rea da Seguran\u00e7a e Sa\u00fade no Trabalho. Desde 2003, com um servi\u00e7o de seguran\u00e7a e sa\u00fade no trabalho diferenciado e de qualidade. Sendo estes atributos reconhecidos pelos seus clientes. Autorizada pela Autoridade para as Condi\u00e7\u00f5es do Trabalho (ACT) e Direc\u00e7\u00e3o Geral de Sa\u00fade (DGS) &hellip; <\/p>\n<p class=\"link-more\"><a href=\"https:\/\/medilogics.pt\/home\/sobre\/\" class=\"more-link\">Continuar a ler <span class=\"screen-reader-text\">&#8220;Sobre n\u00f3s&#8221;<\/span><\/a><\/p>\n","protected":false},"author":1,"featured_media":0,"parent":0,"menu_order":0,"comment_status":"closed","ping_status":"closed","template":"","meta":{"_links_to":"","_links_to_target":""},"yoast_head":"<!-- This site is optimized with the Yoast SEO plugin v19.5.1 - https:\/\/yoast.com\/wordpress\/plugins\/seo\/ -->\n<title>Sobre n\u00f3s | MEDILOGICS Servi\u00e7os M\u00e9dicos SA<\/title>\n<meta name=\"description\" content=\"Bem vindo. Somos uma empresa que presta Servi\u00e7os na \u00e1rea da Seguran\u00e7a e Sa\u00fade no Trabalho, desde 2003 em todo o territ\u00f3rio Portugu\u00eas.\" \/>\n<meta name=\"robots\" content=\"index, follow, max-snippet:-1, max-image-preview:large, max-video-preview:-1\" \/>\n<link rel=\"canonical\" href=\"https:\/\/medilogics.pt\/home\/sobre\/\" \/>\n<meta property=\"og:locale\" content=\"pt_PT\" \/>\n<meta property=\"og:type\" content=\"article\" \/>\n<meta property=\"og:title\" content=\"Sobre n\u00f3s | MEDILOGICS Servi\u00e7os M\u00e9dicos SA\" \/>\n<meta property=\"og:description\" content=\"Bem vindo. Somos uma empresa que presta Servi\u00e7os na \u00e1rea da Seguran\u00e7a e Sa\u00fade no Trabalho, desde 2003 em todo o territ\u00f3rio Portugu\u00eas.\" \/>\n<meta property=\"og:url\" content=\"https:\/\/medilogics.pt\/home\/sobre\/\" \/>\n<meta property=\"og:site_name\" content=\"MEDILOGICS Servi\u00e7os M\u00e9dicos SA\" \/>\n<meta property=\"article:publisher\" content=\"https:\/\/www.facebook.com\/medilogicssa\/\" \/>\n<meta property=\"article:modified_time\" content=\"2026-02-10T15:23:01+00:00\" \/>\n<meta property=\"og:image\" content=\"https:\/\/medilogics.pt\/home\/wp-content\/uploads\/2017\/08\/sobre_nos_piramide.png\" \/>\n<meta name=\"twitter:card\" content=\"summary\" \/>\n<meta name=\"twitter:site\" content=\"@medilogics\" \/>\n<meta name=\"twitter:label1\" content=\"Tempo estimado de leitura\" \/>\n\t<meta name=\"twitter:data1\" content=\"3 minutos\" \/>\n<script type=\"application\/ld+json\" class=\"yoast-schema-graph\">{\"@context\":\"https:\/\/schema.org\",\"@graph\":[{\"@type\":\"WebPage\",\"@id\":\"https:\/\/medilogics.pt\/home\/sobre\/\",\"url\":\"https:\/\/medilogics.pt\/home\/sobre\/\",\"name\":\"Sobre n\u00f3s | MEDILOGICS Servi\u00e7os M\u00e9dicos SA\",\"isPartOf\":{\"@id\":\"https:\/\/medilogics.pt\/home\/#website\"},\"datePublished\":\"2017-08-23T16:48:13+00:00\",\"dateModified\":\"2026-02-10T15:23:01+00:00\",\"description\":\"Bem vindo. Somos uma empresa que presta Servi\u00e7os na \u00e1rea da Seguran\u00e7a e Sa\u00fade no Trabalho, desde 2003 em todo o territ\u00f3rio Portugu\u00eas.\",\"breadcrumb\":{\"@id\":\"https:\/\/medilogics.pt\/home\/sobre\/#breadcrumb\"},\"inLanguage\":\"pt-PT\",\"potentialAction\":[{\"@type\":\"ReadAction\",\"target\":[\"https:\/\/medilogics.pt\/home\/sobre\/\"]}]},{\"@type\":\"BreadcrumbList\",\"@id\":\"https:\/\/medilogics.pt\/home\/sobre\/#breadcrumb\",\"itemListElement\":[{\"@type\":\"ListItem\",\"position\":1,\"name\":\"In\u00edcio\",\"item\":\"https:\/\/medilogics.pt\/home\/\"},{\"@type\":\"ListItem\",\"position\":2,\"name\":\"Sobre n\u00f3s\"}]},{\"@type\":\"WebSite\",\"@id\":\"https:\/\/medilogics.pt\/home\/#website\",\"url\":\"https:\/\/medilogics.pt\/home\/\",\"name\":\"MEDILOGICS Servi\u00e7os M\u00e9dicos SA\",\"description\":\"Seguran\u00e7a e Sa\u00fade no Trabalho\",\"publisher\":{\"@id\":\"https:\/\/medilogics.pt\/home\/#organization\"},\"potentialAction\":[{\"@type\":\"SearchAction\",\"target\":{\"@type\":\"EntryPoint\",\"urlTemplate\":\"https:\/\/medilogics.pt\/home\/?s={search_term_string}\"},\"query-input\":\"required name=search_term_string\"}],\"inLanguage\":\"pt-PT\"},{\"@type\":\"Organization\",\"@id\":\"https:\/\/medilogics.pt\/home\/#organization\",\"name\":\"Medilogics Servicos Medicos SA\",\"url\":\"https:\/\/medilogics.pt\/home\/\",\"sameAs\":[\"https:\/\/www.instagram.com\/medilogics\/\",\"https:\/\/www.linkedin.com\/company\/medilogics\",\"https:\/\/www.youtube.com\/c\/MedilogicsPtsa\",\"https:\/\/www.facebook.com\/medilogicssa\/\",\"https:\/\/twitter.com\/medilogics\"],\"logo\":{\"@type\":\"ImageObject\",\"inLanguage\":\"pt-PT\",\"@id\":\"https:\/\/medilogics.pt\/home\/#\/schema\/logo\/image\/\",\"url\":\"https:\/\/i1.wp.com\/medilogics.pt\/home\/wp-content\/uploads\/2017\/10\/logotipo_empsaud_medilogics_medio.jpg?fit=500%2C175&ssl=1\",\"contentUrl\":\"https:\/\/i1.wp.com\/medilogics.pt\/home\/wp-content\/uploads\/2017\/10\/logotipo_empsaud_medilogics_medio.jpg?fit=500%2C175&ssl=1\",\"width\":500,\"height\":175,\"caption\":\"Medilogics Servicos Medicos SA\"},\"image\":{\"@id\":\"https:\/\/medilogics.pt\/home\/#\/schema\/logo\/image\/\"}}]}<\/script>\n<!-- \/ Yoast SEO plugin. -->","yoast_head_json":{"title":"Sobre n\u00f3s | MEDILOGICS Servi\u00e7os M\u00e9dicos SA","description":"Bem vindo. Somos uma empresa que presta Servi\u00e7os na \u00e1rea da Seguran\u00e7a e Sa\u00fade no Trabalho, desde 2003 em todo o territ\u00f3rio Portugu\u00eas.","robots":{"index":"index","follow":"follow","max-snippet":"max-snippet:-1","max-image-preview":"max-image-preview:large","max-video-preview":"max-video-preview:-1"},"canonical":"https:\/\/medilogics.pt\/home\/sobre\/","og_locale":"pt_PT","og_type":"article","og_title":"Sobre n\u00f3s | MEDILOGICS Servi\u00e7os M\u00e9dicos SA","og_description":"Bem vindo. Somos uma empresa que presta Servi\u00e7os na \u00e1rea da Seguran\u00e7a e Sa\u00fade no Trabalho, desde 2003 em todo o territ\u00f3rio Portugu\u00eas.","og_url":"https:\/\/medilogics.pt\/home\/sobre\/","og_site_name":"MEDILOGICS Servi\u00e7os M\u00e9dicos SA","article_publisher":"https:\/\/www.facebook.com\/medilogicssa\/","article_modified_time":"2026-02-10T15:23:01+00:00","og_image":[{"url":"https:\/\/medilogics.pt\/home\/wp-content\/uploads\/2017\/08\/sobre_nos_piramide.png"}],"twitter_card":"summary","twitter_site":"@medilogics","twitter_misc":{"Tempo estimado de leitura":"3 minutos"},"schema":{"@context":"https:\/\/schema.org","@graph":[{"@type":"WebPage","@id":"https:\/\/medilogics.pt\/home\/sobre\/","url":"https:\/\/medilogics.pt\/home\/sobre\/","name":"Sobre n\u00f3s | MEDILOGICS Servi\u00e7os M\u00e9dicos SA","isPartOf":{"@id":"https:\/\/medilogics.pt\/home\/#website"},"datePublished":"2017-08-23T16:48:13+00:00","dateModified":"2026-02-10T15:23:01+00:00","description":"Bem vindo. Somos uma empresa que presta Servi\u00e7os na \u00e1rea da Seguran\u00e7a e Sa\u00fade no Trabalho, desde 2003 em todo o territ\u00f3rio Portugu\u00eas.","breadcrumb":{"@id":"https:\/\/medilogics.pt\/home\/sobre\/#breadcrumb"},"inLanguage":"pt-PT","potentialAction":[{"@type":"ReadAction","target":["https:\/\/medilogics.pt\/home\/sobre\/"]}]},{"@type":"BreadcrumbList","@id":"https:\/\/medilogics.pt\/home\/sobre\/#breadcrumb","itemListElement":[{"@type":"ListItem","position":1,"name":"In\u00edcio","item":"https:\/\/medilogics.pt\/home\/"},{"@type":"ListItem","position":2,"name":"Sobre n\u00f3s"}]},{"@type":"WebSite","@id":"https:\/\/medilogics.pt\/home\/#website","url":"https:\/\/medilogics.pt\/home\/","name":"MEDILOGICS Servi\u00e7os M\u00e9dicos SA","description":"Seguran\u00e7a e Sa\u00fade no Trabalho","publisher":{"@id":"https:\/\/medilogics.pt\/home\/#organization"},"potentialAction":[{"@type":"SearchAction","target":{"@type":"EntryPoint","urlTemplate":"https:\/\/medilogics.pt\/home\/?s={search_term_string}"},"query-input":"required name=search_term_string"}],"inLanguage":"pt-PT"},{"@type":"Organization","@id":"https:\/\/medilogics.pt\/home\/#organization","name":"Medilogics Servicos Medicos SA","url":"https:\/\/medilogics.pt\/home\/","sameAs":["https:\/\/www.instagram.com\/medilogics\/","https:\/\/www.linkedin.com\/company\/medilogics","https:\/\/www.youtube.com\/c\/MedilogicsPtsa","https:\/\/www.facebook.com\/medilogicssa\/","https:\/\/twitter.com\/medilogics"],"logo":{"@type":"ImageObject","inLanguage":"pt-PT","@id":"https:\/\/medilogics.pt\/home\/#\/schema\/logo\/image\/","url":"https:\/\/i1.wp.com\/medilogics.pt\/home\/wp-content\/uploads\/2017\/10\/logotipo_empsaud_medilogics_medio.jpg?fit=500%2C175&ssl=1","contentUrl":"https:\/\/i1.wp.com\/medilogics.pt\/home\/wp-content\/uploads\/2017\/10\/logotipo_empsaud_medilogics_medio.jpg?fit=500%2C175&ssl=1","width":500,"height":175,"caption":"Medilogics Servicos Medicos SA"},"image":{"@id":"https:\/\/medilogics.pt\/home\/#\/schema\/logo\/image\/"}}]}},"jetpack_sharing_enabled":true,"jetpack_shortlink":"https:\/\/wp.me\/P9hLDY-8","jetpack_likes_enabled":true,"jetpack-related-posts":[{"id":7,"url":"https:\/\/medilogics.pt\/home\/","url_meta":{"origin":8,"position":0},"title":"Seguran\u00e7a e Sa\u00fade no Trabalho","date":"Agosto 23, 2017","format":false,"excerpt":"Bem vindo \u00e0 Medilogics. Somos uma empresa que presta servi\u00e7os na \u00e1rea da Seguran\u00e7a e Sa\u00fade no Trabalho. Desde 2003, com um servi\u00e7o diferenciado e de qualidade, sendo estes atributos reconhecidos pelos clientes. Estamos autorizados pela Autoridade para as Condi\u00e7\u00f5es do Trabalho (ACT) e Dire\u00e7\u00e3o Geral de Sa\u00fade (DGS) em\u2026","rel":"","context":"Similar post","img":{"alt_text":"ACT","src":"https:\/\/i0.wp.com\/medilogics.pt\/home\/wp-content\/uploads\/2018\/03\/act.png?resize=350%2C200&ssl=1","width":350,"height":200},"classes":[]},{"id":65,"url":"https:\/\/medilogics.pt\/home\/seguranca-no-trabalho-fp\/","url_meta":{"origin":8,"position":1},"title":"Seguran\u00e7a no Trabalho","date":"Agosto 24, 2017","format":false,"excerpt":"A Seguran\u00e7a no Trabalho proporciona um ambiente de trabalho mais seguro e saud\u00e1vel . Com vista a cumprir o objectivo de melhorar as condi\u00e7\u00f5es de trabalho dos seus clientes, tendo em conta que cerca de 50% da nossa vida \u00e9 passada no exerc\u00edcio de uma atividade profissional, a Medilogics disp\u00f5e\u2026","rel":"","context":"Similar post","img":{"alt_text":"Seguran\u00e7a no Trabalho","src":"https:\/\/i0.wp.com\/medilogics.pt\/home\/wp-content\/uploads\/2017\/08\/seguranca.jpg?fit=1200%2C617&ssl=1&resize=350%2C200","width":350,"height":200},"classes":[]},{"id":1798,"url":"https:\/\/medilogics.pt\/home\/higiene-e-seguranca-no-trabalho\/","url_meta":{"origin":8,"position":2},"title":"Higiene e Seguran\u00e7a no Trabalho","date":"Agosto 16, 2018","format":false,"excerpt":"A Higiene e Seguran\u00e7a no Trabalho proporciona um ambiente de trabalho mais seguro e saud\u00e1vel. Preencha este formul\u00e1rio e seja contactado sem qualquer compromisso para saber mais sobre estas vantagens. Antes de preencher o formul\u00e1rio leia a nossa Pol\u00edtica de Utiliza\u00e7\u00e3o do S\u00edtio e \u00c1rea de Cliente , Pol\u00edtica de\u2026","rel":"","context":"Similar post","img":{"alt_text":"","src":"","width":0,"height":0},"classes":[]},{"id":116,"url":"https:\/\/medilogics.pt\/home\/seguranca-no-trabalho\/","url_meta":{"origin":8,"position":3},"title":"Seguran\u00e7a no Trabalho","date":"Agosto 24, 2017","format":false,"excerpt":"A Seguran\u00e7a no Trabalho proporciona um ambiente de trabalho mais seguro e saud\u00e1vel . Um bom n\u00edvel de SST traz vantagens. Preencha este formul\u00e1rio e seja contactado sem qualquer compromisso para saber mais sobre estas vantagens. Antes de preencher o formul\u00e1rio leia a nossa Pol\u00edtica de Utiliza\u00e7\u00e3o do S\u00edtio e\u2026","rel":"","context":"Similar post","img":{"alt_text":"","src":"https:\/\/i0.wp.com\/medilogics.pt\/home\/wp-content\/uploads\/2017\/08\/single_article_seguran\u00c3\u00a7a.png?resize=350%2C200&ssl=1","width":350,"height":200},"classes":[]},{"id":3827,"url":"https:\/\/medilogics.pt\/home\/newsletter\/","url_meta":{"origin":8,"position":4},"title":"Newsletter de seguran\u00e7a e sa\u00fade do trabalho","date":"Janeiro 28, 2022","format":false,"excerpt":"Obrigado pelo seu interesse na newsletter de seguran\u00e7a e sa\u00fade do trabalho da Medilogics. Para subscrever a newsletter basta indicar-nos o seu endere\u00e7o de email. Verifique o endere\u00e7o antes de submeter a inscri\u00e7\u00e3o. Poder\u00e1 cancelar a sua subscri\u00e7\u00e3o a qualquer momento. Photo by fauxels on Pexels.com","rel":"","context":"Similar post","img":{"alt_text":"","src":"https:\/\/i0.wp.com\/medilogics.pt\/home\/wp-content\/uploads\/2022\/02\/KIT_WIDE_150dpi.jpg?resize=350%2C200&ssl=1","width":350,"height":200},"classes":[]},{"id":840,"url":"https:\/\/medilogics.pt\/home\/calendario-formacao-sst\/","url_meta":{"origin":8,"position":5},"title":"Calend\u00e1rio de Forma\u00e7\u00e3o &#8211; Seguran\u00e7a e Sa\u00fade no Trabalho (No\u00e7\u00f5es Gerais)","date":"Janeiro 11, 2018","format":false,"excerpt":"Veja aqui o calend\u00e1rio de forma\u00e7\u00e3o \"Seguran\u00e7a e Sa\u00fade no Trabalho (No\u00e7\u00f5es Gerais)\" Abrir calend\u00e1rio numa janela separada.","rel":"","context":"Similar post","img":{"alt_text":"","src":"","width":0,"height":0},"classes":[]}],"amp_enabled":true,"_links":{"self":[{"href":"https:\/\/medilogics.pt\/home\/wp-json\/wp\/v2\/pages\/8"}],"collection":[{"href":"https:\/\/medilogics.pt\/home\/wp-json\/wp\/v2\/pages"}],"about":[{"href":"https:\/\/medilogics.pt\/home\/wp-json\/wp\/v2\/types\/page"}],"author":[{"embeddable":true,"href":"https:\/\/medilogics.pt\/home\/wp-json\/wp\/v2\/users\/1"}],"replies":[{"embeddable":true,"href":"https:\/\/medilogics.pt\/home\/wp-json\/wp\/v2\/comments?post=8"}],"version-history":[{"count":26,"href":"https:\/\/medilogics.pt\/home\/wp-json\/wp\/v2\/pages\/8\/revisions"}],"predecessor-version":[{"id":6235,"href":"https:\/\/medilogics.pt\/home\/wp-json\/wp\/v2\/pages\/8\/revisions\/6235"}],"wp:attachment":[{"href":"https:\/\/medilogics.pt\/home\/wp-json\/wp\/v2\/media?parent=8"}],"curies":[{"name":"wp","href":"https:\/\/api.w.org\/{rel}","templated":true}]}}